). What are the prime factors of g(-1)?
2, 5
Let t be (-35)/(-14)*(-56)/(-10). Let r be 40/7 + 4/t. Suppose -3*b = 3*q - 27, r + 17 = 2*q + b. List the prime factors of q.
2, 7
Suppose 0*p = -2*p + 80. What are the prime factors of p?
2, 5
Suppose -f = 4*g - 12 - 27, 0 = 3*f - 3*g - 192. List the prime factors of f.
59
Let q(b) = -5*b**3 - 6*b**2 + 4*b. Let k(l) = 11*l**3 + 13*l**2 - 9*l - 1. Let m(w) = 4*k(w) + 9*q(w). What are the prime factors of m(-3)?
5
Let c(z) be the second derivative of z**5/20 + 5*z**4/12 - z**3/6 - z**2 + z. List the prime factors of c(-5).
3
Let k(h) = -h**3 - 6*h**2 + 10*h + 8. Let w be k(-8). Suppose -3*o - i + w = 0, 0*o + 27 = o + 2*i. What are the prime factors of o?
17
Suppose 2*w = -26 + 68. Suppose -2 = -n, -5*u - 5*n + w = -14. What are the prime factors of u?
5
Let v(f) = f**2 + 9*f - 22. List the prime factors of v(-13).
2, 3, 5
Let q = -41 - -27. Let k be (-1 + q)*1 + -1. Let n = -7 - k. List the prime factors of n.
3
Suppose -2*z + 5*y + 10 = 0, 3*z + 2 = -2*y - 2. List the prime factors of (-2)/(-4)*z - -3.
3
Suppose -f - 4 - 2 = 5*k, 0 = -3*f + 12. Let q = 5 + k. What are the prime factors of q?
3
Let r(y) = -y**2 + 5*y + 3. Let k be r(5). Let s = k + -1. Suppose s*h - 2 = 10. List the prime factors of h.
2, 3
Let w = 11 + 5. List the prime factors of w.
2
Suppose -7*f = -2*f + 35. Suppose 0*g + 2*g + 22 = 0. Let s = f - g. What are the prime factors of s?
2
Suppose 76 = 3*o - 104. List the prime factors of (o/9)/(10/45).
2, 3, 5
Suppose 3*s + 28 = 5*s. Let b = s - 8. What are the prime factors of b?
2, 3
Suppose 44 = 5*w - 5*l - 21, -w + 2*l = -10. What are the prime factors of w?
2
Suppose -94 = -2*j - 30. What are the prime factors of j?
2
Let l be 3/(2 - -1) - -11. Let o = -6 + l. Let h = o + 7. List the prime factors of h.
13
Let c = 2 - 3. Let i = -1 + c. List the prime factors of (i/4)/((-3)/72).
2, 3
Let u = 134 + -35. List the prime factors of u.
3, 11
Let t(d) = -2*d**2 - 3 + 3*d**2 - 3 + 7*d + 0*d**2. What are the prime factors of t(-11)?
2, 19
Suppose -3*j = 5*w - 55, -3*j = -5*w - 10 + 35. Let b be w/20 - 24/10. Let k = 5 + b. List the prime factors of k.
3
Let m(q) = 4*q**2 + 4*q + 1. What are the prime factors of m(3)?
7
Let t(a) = -a**2 + 6*a + 10. Let j be t(7). Suppose j*z - 30 = z. List the prime factors of z.
3, 5
Let i(h) be the third derivative of h**5/60 - 7*h**4/24 + 3*h**3/2 - h**2. Suppose 2 = 4*y - 22. List the prime factors of i(y).
3
Let n = -8 - -28. Suppose -2*b + n = -0*b. List the prime factors of b.
2, 5
Suppose 4*j = 41 + 43. Let u = j + 5. Suppose -2 = 2*w + 3*l, -4*w - u = -6*w + 4*l. What are the prime factors of w?
5
Let r = -145 + 324. What are the prime factors of r?
179
Let m(h) = -h**3 - 4*h**2 + 5*h + 7. Let v be m(-5). List the prime factors of v + ((-3)/(-3))/1.
2
Let u = 10 + -8. What are the prime factors of u*(-2 + 3 + 1)?
2
Suppose 199 = i + 33. What are the prime factors of i?
2, 83
Let c(g) = 6*g**3 + 0*g**2 - 5*g**3 - 8 - g**2. Let j be c(0). Let p = 13 + j. What are the prime factors of p?
5
Suppose 5*g + 5*z = 25, 0 = -3*g + 5*z + 10 - 3. Suppose 2*i + 4*t - 6 = 2, -4*t + g = 0. List the prime factors of i.
2
Suppose -13 - 2 = -5*o. Suppose 0*p + p - 6 = -2*u, -u + 23 = o*p. What are the prime factors of p?
2
Suppose 0 = -c - 3*p + p - 19, 5*c + 119 = 2*p. Let s = c - -16. List the prime factors of 1/s - (-240)/14.
17
Let k = 14 + -20. Let b be 6/(-9) - 16/k. Suppose b*i - 40 = -2*i. List the prime factors of i.
2, 5
Suppose -3*f + 2*f = 3*c - 41, 2*c + 3*f = 18. Let y be (-1)/((c/(-6))/5). Let l = 1 + y. What are the prime factors of l?
3
Let w be (-1)/((-1)/4) - 2. Let o(q) = -2*q - 1. Let v be o(-1). What are the prime factors of (7 + w)*(0 + v)?
3
Let f(j) = -j**3 + 6*j**2 + 6*j - 4. Let r be f(6). List the prime factors of (16/r)/(1/116).
2, 29
Let x = -108 - -228. List the prime factors of x.
2, 3, 5
Let k be (-1)/(-2 + 2 + -1). Let d(l) = -k + 0 - l + 3. What are the prime factors of d(0)?
2
Let l = -1 - 5. Let z = 11 + l. Suppose z*p - 70 = -0*p + 2*s, 2*p + 5*s - 57 = 0. What are the prime factors of p?
2
What are the prime factors of (8/4 - -72) + 3?
7, 11
List the prime factors of (-24 - -23)/(2/(-394)).
197
Suppose 2*t + 175 = -5*j + 778, 4*t = -4. What are the prime factors of j?
11
Let b be (8/(-10))/(4/50). Let d(i) = -12*i - 8. Let a be d(-2). Let t = b + a. What are the prime factors of t?
2, 3
Suppose 2 = k - 13. Suppose -4*r = 3*j - k, 6 + 7 = 4*j + 3*r. List the prime factors of 2 + -1 - j/(-1).
2
Let t(i) = i**3 + 4*i**2 + 4*i + 4. Let z be t(-3). Let b be (z/2)/(1/24). Let l = -4 + b. What are the prime factors of l?
2
Suppose a - 124 = -a + 4*o, 0 = 4*a + 4*o - 188. Let g = a + -19. Suppose -2*l - g = -5*l. List the prime factors of l.
11
Let s be (-2)/5 + (-7)/(-5). Let x(r) = 5 + s + r**3 + 5. What are the prime factors of x(0)?
11
Let t be 12/3 - (0 + 2). Suppose 0 = -0*w - t*w + 28. List the prime factors of w.
2, 7
Let j(f) = 4*f**2 - 11*f + 6. List the prime factors of j(5).
3, 17
Let n = -94 + 113. What are the prime factors of n?
19
Suppose -61 = -m + 5*a, 0*m + a = 3*m - 155. Suppose -2*z - m = -5*z. List the prime factors of z.
17
Let u(b) = b + 10. Let f(x) = 3*x + 29. Let q(i) = 3*f(i) - 8*u(i). Suppose 3*k - a = 26, k + 2*a - 11 = -2*k. List the prime factors of q(k).
2, 7
Suppose 2*x = -x - 21. Let h = -13 - x. Let m = 17 + h. What are the prime factors of m?
11
Let q(w) = -w**3 - 12*w**2 + 13*w - 4. Let v be q(-13). List the prime factors of 24/v*(-10)/4.
3, 5
Let o = -23 + 39. Let i = o - 11. List the prime factors of i.
5
Let d(z) = -z**3 - 4*z**2 + 5*z + 4. Let k be d(-5). Suppose k*l = -5*t + 22, -t - 5 = -3*l + 2. What are the prime factors of t?
2
Let o(q) = -q + 2 - 6 + 6. Suppose 3*g = -3*j + 5*j + 13, -2*j + 4*g = 14. What are the prime factors of o(j)?
7
Suppose -18*a - 319 = -19*a. List the prime factors of a.
11, 29
Let b(a) = 28*a**2 + 2. List the prime factors of b(-2).
2, 3, 19
Let j = -7 - -9. Suppose -7*n + j*n = -20. What are the prime factors of n?
2
Let g = -272 - -517. What are the prime factors of g?
5, 7
Let z(o) = -o - 2. Let i be z(2). List the prime factors of i/(-18) + 2504/72.
5, 7
Suppose -4*d = 5 - 21. Let t(o) = 2*o + 3. List the prime factors of t(d).
11
Let m(l) = -l**3 - 2*l**2 - 2*l - 1. Let i(t) = 2*t**3 + 3*t**2 + t + 1. Let a(k) = 2*i(k) + 3*m(k). List the prime factors of a(3).
2, 7
Suppose 2*a = 5*a - 252. What are the prime factors of (a/10)/(3/10)?
2, 7
Suppose 3*s - 7*s + 168 = 0. What are the prime factors of s?
2, 3, 7
Let r(k) = k - 19. Let t be r(17). Let m(l) be the second derivative of l**4/4 - l**3/6 + l**2 + 2*l. What are the prime factors of m(t)?
2
Suppose 0 = -5*r + 5*l + 145, -6 = -4*l + l. Let i = r - 19. What are the prime factors of i?
2, 3
Suppose 9 = -5*l - 6. Let w(v) = -v. Let x be w(-7). Let m = x - l. What are the prime factors of m?
2, 5
Let a be (-6)/9 + (-5)/(-3). Let u = 1 + a. Suppose i - 38 = -3*i + 5*x, 0 = x - u. List the prime factors of i.
2, 3
Let t = 84 - 47. What are the prime factors of t?
37
Let x = -102 + 148. List the prime factors of x.
2, 23
Suppose 7 = -3*x + 13, -r - 2*x = -113. List the prime factors of r.
109
List the prime factors of (1 - -1)/((-3)/(-192)).
2
Suppose a = 6*a + 25. Let y(t) = -2*t - 4. Let w be y(a). Suppose g - 2*g = -w. List the prime factors of g.
2, 3
Let f be (-60)/(-9)*126/15. Suppose 0 = -k + 5*k - f. Suppose 109 = 5*r + k. List the prime factors of r.
19
Let o be (9/(-18))/((-1)/4). Suppose -8 = -t + 3*m, 4*m = -2*t - 3*t + o. What are the prime factors of t?
2
What are the prime factors of 124 + 3 + -5 - -3?
5
Let q = -8 - -15. What are the prime factors of q?
7
Suppose -6 - 4 = -i. Suppose 0*h = z - 3*h + i, -3*z = -5*h + 10. Suppose -4*d + 4*m = d - 58, z*m = 3*d - 27. What are the prime factors of d?
2, 7
Let m(u) = 2*u**3 - 3*u**2 + 3*u - 1. Let o be m(2). Suppose -3*q = 3 - o. Suppose 0*l + l = q*t + 8, -4*l + 18 = -t. List the prime factors of l.
2
Let d be 1/(0 - 3/(-12)). Let s = 53 - 0. Suppose -5*o - 3*k + 68 = 0, -d*o - 2*k + k + s = 0. What are the prime factors of o?
13
Let t be (-1)/3 + 2/6. Let s(v) = -v**2 - 5*v - 6. Let b(j) = j - 1. Let c(f) = -5*b(f) - s(f). What are the prim